-- https://www.phpmyadmin.net/
--
-- Waktu pembuatan: 24 Jan 2022 pada 11.31
-- Versi server: 5.7.37
-- Versi PHP: 7.3.33

START TRANSACTION;



-- --------------------------------------------------------

--
-- Struktur dari tabel `cabang_skpd`
--

CREATE TABLE `cabang_skpd` (
  `id` int(11) NOT NULL,
  `skpd_id` int(11) NOT NULL,
  `nama_cabang` varchar(50) NOT NULL
) ENGINE=InnoDB DEFAULT CHARSET=latin1;

--
-- Dumping data untuk tabel `cabang_skpd`
--

INSERT INTO `cabang_skpd` (`id`, `skpd_id`, `nama_cabang`) VALUES
(3, 44, 'KELURAHAN TALANG BAKUNG'),
(4, 44, 'KELURAHAN PAYO SELINCAH'),
(5, 44, 'KELURAHAN EKA JAYA'),
(6, 44, 'KELURAHAN EKA JAYA'),
(7, 44, 'KELURAHAN LINGKAR SELATAN'),
(8, 44, 'KELURAHAN PAAL MERAH'),
(9, 45, 'KELURAHAN BAGAN PETE'),
(10, 45, 'KELURAHAN KENALI BESAR');

-- --------------------------------------------------------

--
-- Struktur dari tabel `failed_jobs`
--

CREATE TABLE `failed_jobs` (
  `id` bigint(20) UNSIGNED NOT NULL,
  `uuid` varchar(255) COLLATE utf8mb4_unicode_ci NOT NULL,
  `connection` text COLLATE utf8mb4_unicode_ci NOT NULL,
  `queue` text COLLATE utf8mb4_unicode_ci NOT NULL,
  `payload` longtext COLLATE utf8mb4_unicode_ci NOT NULL,
  `exception` longtext COLLATE utf8mb4_unicode_ci NOT NULL,
  `failed_at` timestamp NOT NULL DEFAULT CURRENT_TIMESTAMP
) ENGINE=InnoDB DEFAULT CHARSET=utf8mb4 COLLATE=utf8mb4_unicode_ci;

-- --------------------------------------------------------

--
-- Struktur dari tabel `migrations`
--

CREATE TABLE `migrations` (
  `id` int(10) UNSIGNED NOT NULL,
  `migration` varchar(255) COLLATE utf8mb4_unicode_ci NOT NULL,
  `batch` int(11) NOT NULL
) ENGINE=InnoDB DEFAULT CHARSET=utf8mb4 COLLATE=utf8mb4_unicode_ci;

--
-- Dumping data untuk tabel `migrations`
--

INSERT INTO `migrations` (`id`, `migration`, `batch`) VALUES
(10, '2014_10_12_000000_create_users_table', 1),
(11, '2014_10_12_100000_create_password_resets_table', 1),
(12, '2019_08_19_000000_create_failed_jobs_table', 1);

-- --------------------------------------------------------

--
-- Struktur dari tabel `pangkat_pegawai`
--

CREATE TABLE `pangkat_pegawai` (
  `id` int(11) NOT NULL,
  `pangkat` varchar(255) DEFAULT NULL,
  `golongan` varchar(20) DEFAULT NULL,
  `ruang` varchar(255) DEFAULT NULL,
  `created_at` timestamp NULL DEFAULT CURRENT_TIMESTAMP,
  `updated_at` timestamp NULL DEFAULT NULL
) ENGINE=InnoDB DEFAULT CHARSET=utf8mb4;

--
-- Dumping data untuk tabel `pangkat_pegawai`
--

INSERT INTO `pangkat_pegawai` (`id`, `pangkat`, `golongan`, `ruang`, `created_at`, `updated_at`) VALUES
(1, 'Juru Muda', 'I', 'a', '2021-06-07 11:41:55', '2021-06-11 22:19:41'),
(2, 'Juru Muda Tingkat I', 'I', 'b', '2021-06-07 11:42:06', '2021-06-07 11:42:06'),
(3, 'Juru', 'I', 'c', '2021-06-07 11:42:14', '2021-06-07 11:42:14'),
(4, 'Juru Tingkat I', 'I', 'd', '2021-06-07 11:42:23', '2021-06-07 11:42:23'),
(5, 'Pengatur Muda', 'II', 'a', '2021-06-07 11:42:37', '2021-06-07 11:42:37'),
(6, 'Pengatur Muda Tingkat I', 'II', 'b', '2021-06-07 11:42:47', '2021-06-07 11:42:47'),
(7, 'Pengatur', 'II', 'c', '2021-06-07 11:43:12', '2021-06-07 11:43:12'),
(8, 'Pengatur Tingkat I', 'II', 'd', '2021-06-07 11:43:29', '2021-06-07 11:43:29'),
(9, 'Penata Muda', 'III', 'a', '2021-06-07 11:44:20', '2021-06-11 21:16:13'),
(10, 'Penata Muda Tingkat I', 'III', 'b', '2021-06-07 11:44:31', '2021-06-07 11:44:31'),
(11, 'Penata', 'III', 'c', '2021-06-07 11:44:42', '2021-06-07 11:44:42'),
(12, 'Penata Tingkat I', 'III', 'd', '2021-06-07 11:45:01', '2021-06-07 11:45:01'),
(13, 'Pembina', 'IV', 'a', '2021-06-07 11:45:32', '2021-06-07 11:45:32'),
(14, 'Pembina Tingkat I', 'IV', 'b', '2021-06-07 11:45:42', '2021-06-07 11:45:42'),
(15, 'Pembina Utama Muda', 'IV', 'c', '2021-06-07 11:45:53', '2021-06-07 11:45:53'),
(16, 'Pembina Utama Madya', 'IV', 'd', '2021-06-08 19:40:25', '2021-06-08 19:40:25'),
(17, 'Pembina Utama', 'IV', 'e', '2021-06-11 21:23:54', '2021-06-11 21:23:54');

-- --------------------------------------------------------

--
-- Struktur dari tabel `pegawai`
--

CREATE TABLE `pegawai` (
  `id` bigint(20) NOT NULL,
  `nama` varchar(255) CHARACTER SET utf8 DEFAULT NULL,
  `nip` varchar(18) DEFAULT NULL,
  `nik` varchar(18) DEFAULT NULL,
  `pangkat_pegawai_id` int(11) NOT NULL,
  `alamat` text,
  `telepon` varchar(20) DEFAULT NULL,
  `email` varchar(255) DEFAULT NULL,
  `created_at` timestamp NULL DEFAULT CURRENT_TIMESTAMP,
  `updated_at` timestamp NULL DEFAULT NULL
) ENGINE=InnoDB DEFAULT CHARSET=utf8mb4;

--
-- Dumping data untuk tabel `pegawai`
--

INSERT INTO `pegawai` (`id`, `nama`, `nip`, `nik`, `pangkat_pegawai_id`, `alamat`, `telepon`, `email`, `created_at`, `updated_at`) VALUES
(1, 'NUR HAMIDAH', '123456789', '0189437403943174', 1, 'jl ajalan', '843424535', 'hmd@gmail.com', '2022-01-21 02:28:53', '2022-01-21 02:28:53'),
(2, 'Zakia Amalia', '199711182020122008', '19971919191919', 14, 'ennene', '09383833', 'zakiaamalia1029@gmail.com', '2022-01-23 20:05:12', '2022-01-23 20:05:12');

-- --------------------------------------------------------

--
-- Struktur dari tabel `pengajuan`
--

CREATE TABLE `pengajuan` (
  `id` int(11) NOT NULL,
  `pegawai_id` bigint(20) NOT NULL,
  `type_pengajuan` varchar(500) DEFAULT NULL,
  `skpd` varchar(500) DEFAULT NULL,
  `nomor_sk` varchar(255) DEFAULT NULL,
  `lampiran_file` text,
  `lampiran_ttd` text,
  `masa_berlaku` date DEFAULT NULL,
  `keterangan` text,
  `sertifikat` varchar(50) DEFAULT NULL,
  `created_at` timestamp NULL DEFAULT CURRENT_TIMESTAMP,
  `updated_at` timestamp NULL DEFAULT NULL,
  `status` int(11) DEFAULT '0',
  `status_hapus` int(11) NOT NULL DEFAULT '0',
  `opd` int(11) NOT NULL
) ENGINE=InnoDB DEFAULT CHARSET=utf8mb4;

--
-- Dumping data untuk tabel `pengajuan`
--

INSERT INTO `pengajuan` (`id`, `pegawai_id`, `type_pengajuan`, `skpd`, `nomor_sk`, `lampiran_file`, `lampiran_ttd`, `masa_berlaku`, `keterangan`, `sertifikat`, `created_at`, `updated_at`, `status`, `status_hapus`, `opd`) VALUES
(2, 1, 'Pa', '45', '43523523525', 'tWhatsApp_Image_2022-01-19_at_2.35.56_PM.jpeg', '', '2022-01-28', 'keterangan', 'sertifikat', '2022-01-21 02:28:53', '2022-01-22 03:18:24', 1, 0, 9),
(3, 2, 'Pa', '45', 'sertifikat/123', '4Pakta_Integritas.pdf', 'khtml_tahapan-barang10jt_85851_85851.html.pdf', '2022-01-09', 'keterangan', 'semmr', '2022-01-23 20:06:25', '2022-01-23 21:20:38', 1, 0, 10),
(4, 2, 'Pa', '44', 'sertifikat/123', '7Pakta_Integritas.pdf', 'vdownload.png', '2022-01-12', NULL, '123', '2022-01-23 21:19:14', '2022-01-23 21:20:38', 1, 0, 3);

-- --------------------------------------------------------

--
-- Struktur dari tabel `skpd`
--

CREATE TABLE `skpd` (
  `id` int(11) NOT NULL,
  `nama_skpd` varchar(50) NOT NULL
) ENGINE=InnoDB DEFAULT CHARSET=latin1;

--
-- Dumping data untuk tabel `skpd`
--

INSERT INTO `skpd` (`id`, `nama_skpd`) VALUES
(44, 'KECAMATAN PAAL MERAH'),
(45, 'KECAMATAN ALAM BARAJO');

--
-- Indeks untuk tabel `cabang_skpd`
--
ALTER TABLE `cabang_skpd`
  ADD PRIMARY KEY (`id`),
  ADD KEY `skpd_id` (`skpd_id`);

--
-- Indeks untuk tabel `failed_jobs`
--
ALTER TABLE `failed_jobs`
  ADD PRIMARY KEY (`id`),
  ADD UNIQUE KEY `failed_jobs_uuid_unique` (`uuid`);

--
-- Indeks untuk tabel `migrations`
--
ALTER TABLE `migrations`
  ADD PRIMARY KEY (`id`);

--
-- Indeks untuk tabel `pangkat_pegawai`
--
ALTER TABLE `pangkat_pegawai`
  ADD PRIMARY KEY (`id`);

--
-- Indeks untuk tabel `pegawai`
--
ALTER TABLE `pegawai`
  ADD PRIMARY KEY (`id`);

--
-- Indeks untuk tabel `pengajuan`
--
ALTER TABLE `pengajuan`
  ADD PRIMARY KEY (`id`),
  ADD KEY `opd` (`opd`);

--
-- Indeks untuk tabel `skpd`
--
ALTER TABLE `skpd`
  ADD PRIMARY KEY (`id`);

--
-- AUTO_INCREMENT untuk tabel `cabang_skpd`
--
ALTER TABLE `cabang_skpd`
  MODIFY `id` int(11) NOT NULL AUTO_INCREMENT, AUTO_INCREMENT=11;

--
-- AUTO_INCREMENT untuk tabel `failed_jobs`
--
ALTER TABLE `failed_jobs`
  MODIFY `id` bigint(20) UNSIGNED NOT NULL AUTO_INCREMENT;

--
-- AUTO_INCREMENT untuk tabel `migrations`
--
ALTER TABLE `migrations`
  MODIFY `id` int(10) UNSIGNED NOT NULL AUTO_INCREMENT, AUTO_INCREMENT=13;

--
-- AUTO_INCREMENT untuk tabel `pangkat_pegawai`
--
ALTER TABLE `pangkat_pegawai`
  MODIFY `id` int(11) NOT NULL AUTO_INCREMENT, AUTO_INCREMENT=18;

--
-- AUTO_INCREMENT untuk tabel `pegawai`
--
ALTER TABLE `pegawai`
  MODIFY `id` bigint(20) NOT NULL AUTO_INCREMENT, AUTO_INCREMENT=3;

--
-- AUTO_INCREMENT untuk tabel `pengajuan`
--
ALTER TABLE `pengajuan`
  MODIFY `id` int(11) NOT NULL AUTO_INCREMENT, AUTO_INCREMENT=5;

--
-- AUTO_INCREMENT untuk tabel `skpd`
--
ALTER TABLE `skpd`
  MODIFY `id` int(11) NOT NULL AUTO_INCREMENT, AUTO_INCREMENT=46;

--
-- Ketidakleluasaan untuk tabel pelimpahan (Dumped Tables)
--

--
-- Ketidakleluasaan untuk tabel `cabang_skpd`
--
ALTER TABLE `cabang_skpd`
  ADD CONSTRAINT `cabang_skpd_ibfk_1` FOREIGN KEY (`skpd_id`) REFERENCES `skpd` (`id`);

--
-- Ketidakleluasaan untuk tabel `pengajuan`
--
ALTER TABLE `pengajuan`
  ADD CONSTRAINT `pengajuan_ibfk_1` FOREIGN KEY (`opd`) REFERENCES `cabang_skpd` (`id`);
COMMIT;

